-22)). Suppose -a = -2*p - 2*p. What is the highest common divisor of p and 11?
11
Let d = -28 - -69. Suppose 153 = -2*t + d. Let s be 2*(1 - 1 - t). Calculate the highest common divisor of s and 14.
14
Let p = -38 - -68. Suppose -5*j = -0*j - 50. What is the greatest common divisor of p and j?
10
Suppose -4*h = -0*h + 16, -h = 2*i - 28. Let g = 8 + i. Calculate the greatest common factor of g and 36.
12
Let l(k) = -3*k. Let q be l(-1). Suppose q*i - 1 - 2 = 0. Suppose -c + 1 = -2. Calculate the greatest common divisor of c and i.
1
Let v = -7 - -10. Let t be 4/(-12) - (-13)/v. Suppose -t*s = -3*u + 33, -2*s = -3*u - 0*s + 39. Calculate the highest common divisor of 3 and u.
3
Suppose 2*m = 5*a - 1121, 0*m = 2*m + 6. Suppose -4*w = -w + 3*s - 156, -4*w + s + a = 0. What is the highest common divisor of 5 and w?
5
Let w(a) = -23*a**3 + 2*a + 1. Let h be w(-1). What is the greatest common factor of h and 33?
11
Let y be 1/(-4) - 3/(-12). Let z = 3 + y. Suppose r = -z*o + 15 + 11, -o + 2*r = 3. What is the highest common factor of o and 21?
7
Let b = 92 - 73. Calculate the greatest common divisor of 209 and b.
19
Suppose 3*p + 3*a - 36 = -p, 0 = -2*p - 4*a + 18. Let m be (30/4)/((-6)/(-36)). Calculate the highest common factor of m and p.
9
Let r(m) = 2*m**2 - 2*m + 1. Let i be r(2). Suppose i*y + 23 + 7 = 0. Let j be 2*-1 + (-108)/y. Calculate the greatest common divisor of 40 and j.
8
Suppose 3*k - 288 = 4*x, x + x = 4*k - 384. Calculate the highest common factor of 12 and k.
12
Suppose 2*r - 10 + 2 = 0. Let f be 34/r + (-3)/(-6). What is the highest common factor of f and 81?
9
Let b(o) = o + 14. Let r be b(-9). Let n be (2/r)/((-3)/(-45)). Calculate the greatest common divisor of 48 and n.
6
Let x be 13 + 1 + (-1 - 1). Calculate the greatest common divisor of 30 and x.
6
Let c be 6*(2 - 5/3). Suppose c*b + 0*b - 269 = 3*s, s = 5*b - 679. Calculate the greatest common divisor of 17 and b.
17
Let w(d) = -d**3 + d - 5. Let b be w(0). Let g = b + 10. Suppose -t = -g*o + 3*o + 39, -4*t = -5*o + 90. What is the highest common divisor of 66 and o?
22
Let b = -1 + 1. Suppose 2*f = -b*f + 4. Suppose -y - f*y + 3 = 0. What is the highest common divisor of 5 and y?
1
Let j(i) = 2*i + 3. Let d be j(-4). Let w = d + 1. Let u = 6 + w. Calculate the greatest common divisor of u and 22.
2
Let o = 156 - 146. What is the greatest common factor of o and 70?
10
Let p be -2 + 0 - 2*-1. Suppose -5*c - 3*a + 1 + 13 = p, 0 = -3*c + a. Let z be (-4 + 9)*(2 - c). What is the greatest common divisor of 45 and z?
5
Let j(y) = -y + 3. Let u be j(0). Suppose -v = -u*n - 25, -n + 0*n = -5*v + 55. Suppose -50 - 70 = -6*i. Calculate the highest common divisor of i and v.
10
Let s(a) = a**3 - 15*a**2 + 28*a - 1. Let r be s(13). Calculate the highest common divisor of 25 and r.
25
Suppose p - 28 = -3*v, 0 = 5*v - 3*p - 32 - 38. Let j be 0/2 + (-4)/4. Let d = j + v. Calculate the greatest common divisor of d and 40.
10
Let c be (4 - 0) + 6/3. Let s(o) = 3 + 2*o - 8 + o**2 - 4. Let n be s(7). What is the greatest common factor of c and n?
6
Let x be (-11 - -2)*64/(-24). Let m be (-4)/2*(-3)/2. What is the greatest common factor of x and m?
3
Suppose 4*h - 22 = -2*d - 0, -2*d + 2 = -h. Let q = d - -7. What is the greatest common factor of 25 and q?
5
Let z(d) = -d + 7. Let k be z(7). Suppose k*r + 2*r - 18 = 0. What is the greatest common factor of r and 45?
9
Let x = 8 - 0. Let i be (-12)/2*(-1)/(-2). Let k be 4/(-2)*(-25 + i). What is the greatest common factor of x and k?
8
Suppose -4*h = 0, -r = 3*h - 1 - 1. Let q(u) = 5*u**2 + u - 2. Let x be q(r). What is the highest common divisor of 40 and x?
20
Suppose 5*c - 18 - 92 = 0. Let g(b) = -b**2 + 8*b - 9. Let q be g(6). Let m be (106 - 2) + q - -3. Calculate the highest common divisor of c and m.
22
Let s = 30 - -6. Calculate the highest common factor of s and 4.
4
Suppose -40 = -4*w + 80. What is the greatest common divisor of w and 30?
30
Suppose 25 = -5*h, 0 = -3*g - h + 2 + 2. Let l be 3*((-9)/3 - -93). Suppose -g*o = -o - l. What is the greatest common factor of 15 and o?
15
Let q(t) = -t**2 + 8*t - 2. Let n be q(7). Let i be ((-7)/(-14))/(1/70). Calculate the greatest common factor of i and n.
5
Suppose -3*f - 372 = -4*s - 8*f, -2*s + 160 = -4*f. Let r(q) = -10*q**3 + 2*q**2 - 1. Let a be r(-1). Calculate the highest common factor of a and s.
11
Suppose -8*c + 93 + 3 = 0. Let s be (-2 - (-224)/6)*3. Let v = s - 46. Calculate the greatest common divisor of c and v.
12
Let x(z) = z**2 + 2*z - 3. Let y be x(-4). Suppose 0 = q - 2. Suppose 5*u = q*u - 4*o + 48, 0 = u - o - 23. Calculate the highest common divisor of u and y.
5
Let b(k) = -2*k + 4 + 10 + 0*k - 2. Let r(w) = -w**2 + 2*w - 1. Let u be r(4). Let s be b(u). What is the highest common divisor of 45 and s?
15
Suppose 66 + 12 = 3*i. Let v be 122/10 - (168/(-30))/7. Calculate the greatest common factor of v and i.
13
Let n be (-3)/(-6)*24/3. Suppose 3*l = n*l - 9. What is the greatest common divisor of l and 9?
9
Let b(r) = 2*r. Let s be b(5). Suppose 2*f = -s + 38. What is the greatest common divisor of 112 and f?
14
Suppose -3*p + 6 = 0, -326 = -m - 2*m + 2*p. Suppose w - 2*q - 2*q = 14, 4*q = 2*w - 24. Calculate the greatest common factor of w and m.
10
Let s be 12/(-9)*(-3)/(-1). Let c = s - -5. Let t be (c - 3) + (-2 - -28). Calculate the greatest common divisor of t and 36.
12
Let r be (-2 - 10)*8/(-12). What is the greatest common divisor of r and 1?
1
Suppose 5*a - 19 - 11 = 0. What is the greatest common factor of a and 18?
6
Suppose -q + 25 = -3*n - 2, 0 = 4*q - 5*n - 80. Let m be 714/9 + 10/q. Suppose 5*a - 89 + 9 = 0. What is the highest common divisor of m and a?
16
Let a be 2 - 2 - 127/(-1). Let x = -140 + 225. Let u = a - x. Calculate the greatest common divisor of u and 14.
14
Let b(i) = 10*i**3 - 2*i - 1. Let z be b(2). What is the greatest common divisor of z and 30?
15
Suppose -5 = -5*z + 35. Calculate the greatest common factor of 72 and z.
8
Let g = -12 - -14. Let a be 40 + g + 0/3. Calculate the greatest common factor of 21 and a.
21
Let v(k) = k**3 + 6*k**2 + 6*k + 6. Let o be v(-4). Suppose 0 = -3*q + 15, o = 5*f - 5*q - 26. What is the greatest common factor of 104 and f?
13
Let b = -62 + 86. Calculate the greatest common divisor of 24 and b.
24
Let p = 36 - 12. Calculate the greatest common factor of 36 and p.
12
Suppose -4*d = d + 2*p - 112, 12 = d + 3*p. What is the greatest common divisor of 216 and d?
24
Let s = -2 + 5. Suppose s*c + n = 58, 0*c - 4*c - 5*n = -59. Suppose 2*x + c = -4*q + 65, -5*q = -5*x - 40. What is the highest common divisor of q and 50?
10
Let p(x) = x**3 - 3*x**2 - 4*x - 2. Suppose -5*d - 8 = -33. Let j be p(d). Let c = j - 19. Calculate the highest common factor of 27 and c.
9
Suppose 0 = 4*z - 3*s - 56, s + 53 = 3*z - 4*s. Calculate the highest common factor of 11 and z.
11
Let i(u) = 3*u**2 - 3*u - 4. Let g be (-9)/(-2)*(-4)/(-6). Let j be i(g). What is the highest common factor of 21 and j?
7
Let b be (8/(-6))/(1/(-66)*4). What is the greatest common divisor of 33 and b?
11
Let a(n) = 16*n - 3. Let z be a(3). Let b(d) = -8*d - 2. Let g be 120/(-28) - (-4)/14. Let y be b(g). Calculate the greatest common factor of z and y.
15
Let r(t) = -t**3 - 5*t**2 - t - 1. Let h be r(-5). Let f = 4 - h. Suppose f = -u + 1, -3*z = -3*u + 24 - 126. Calculate the greatest common divisor of 7 and z.
7
Suppose 4*i = 2*k - 28, 5*k + 2*i - 4 = 6. Suppose 2*h - 484 = 5*z, -11 - 5 = k*z. Calculate the greatest common divisor of h and 29.
29
Let u = 30 + -5. Suppose 2*x - 190 = -4*y, 0*y + y = -5*x + u. Suppose q - 60 = -2*q. Calculate the greatest common divisor of y and q.
10
Suppose 3*s - 2*s - 46 = -5*t, 4*t = -4*s + 24. Suppose 3*c - 140 = c. Calculate the highest common factor of c and t.
10
Let g be 92 - (1 + 20/(-5)). What is the greatest common divisor of 38 and g?
19
Suppose 4*y - 75 = 1. What is the greatest common divisor of y and 209?
19
Let h(v) = 54*v**3 + v - 1. Suppose -2*g - 3 = -5*g. Let n be h(g). What is the highest common factor of 6 and n?
6
Let l be (2 - 1)/(5/30). Suppose -5*t - y + 6*y = -10, 5*y = t + l. Let r = t - -68. What is the highest common factor of 8 and r?
8
Let f = 46 + -26. What is the highest